5*x, x + 9 = 2*o - a*o. What is the units digit of x?
1
Let y(r) = 17*r**2 + r + 1. Let h = -8 + 17. Suppose -h = g - 7. What is the tens digit of y(g)?
6
Let s(b) = b**2 - b. Let r(g) = 3*g**2 + 7*g + 27. Let c(q) = -r(q) + 4*s(q). Let h be c(11). What is the tens digit of (3 - 4)*(h + -2)?
2
Let b(n) = n**2 + 2*n - 5. Let h be b(-4). Suppose m + h*z - 10 = 7, -18 = m - 4*z. Suppose -6*x + m*x + 115 = -g, -5*x + g = -143. What is the tens digit of x?
2
Let y = -33 + 39. Let k(m) = 11*m + 17. What is the units digit of k(y)?
3
Let n(i) = 15*i + 50. What is the units digit of n(21)?
5
Let y = 18 + -11. What is the units digit of 0 - y/(7/(-10))?
0
Let f(b) = 3*b**2 - 10*b + 22. What is the units digit of f(7)?
9
Suppose 0 = 3*f + 4*h + 147, 2*f + 3*h + 95 = -4. What is the tens digit of -6*((-142)/18 - 10/f)?
4
Let j = 7 + -6. Let f(k) = 4*k**2 - 2 + 1 + 3*k - 1 + j. What is the units digit of f(2)?
1
What is the units digit of 9156/21 - (-5)/(-1)?
1
Suppose 3*b - 132 = 9*b. Let f = -50 - b. What is the tens digit of f*(-3 + (-12)/(-8))?
4
Suppose 0 = 17*t - 13*t + 8. What is the units digit of ((-3)/(-4))/((-164)/(-80) + t)?
5
Let r(z) be the first derivative of -5*z**3/3 - 5*z**2 - 10*z - 4. Let n(u) = u**2 + 1. Let w(m) = -6*n(m) - r(m). What is the units digit of w(10)?
4
Let r(j) = -j**3 + 9*j**2 + 3*j + 7. Let p be r(13). Let w be (-1)/((-3)/(p/3)). Let o = w - -152. What is the tens digit of o?
8
Let p(k) = -k**2 + 10*k + 16. Let v be p(11). Suppose -3*z - 9 = 0, v*j = -0*j - 5*z + 150. What is the units digit of j?
3
What is the hundreds digit of 19/((-38)/(-2274)) + (-10)/2?
1
Suppose 113*s - 61315 - 39707 = 0. What is the tens digit of s?
9
Suppose -5*z + 8*z - 9 = 0. Suppose 0 = -z*y + 441 + 447. What is the hundreds digit of y?
2
Let l(o) = 9*o - 16. Let p be l(6). Suppose -k + p = -27. What is the units digit of k?
5
Let t(l) = -l**3 - 2*l**2 + 10*l + 4. Let b be t(-4). What is the tens digit of 213 - 20/5 - b/(-2)?
0
Let d = 1141 + -668. What is the hundreds digit of d?
4
Suppose 4*j - 6 = 6. Suppose 0 = -j*z + 5*z - 306. What is the units digit of z?
3
Suppose 670 = i - 14. What is the hundreds digit of i?
6
Let t = -1308 - -3694. What is the thousands digit of t?
2
Let u(m) = 85*m - 7. What is the tens digit of u(5)?
1
What is the tens digit of (24/(-60))/((-1)/4865)?
4
Let h = 102 + 94. What is the tens digit of h?
9
Let j(g) = -g**3 - 34*g**2 - 4*g + 4. What is the units digit of j(-34)?
0
Suppose 4*y + o + 0*o - 13 = 0, -2*o + 6 = -2*y. Suppose -2*p + 2*x + 192 = -284, 2*x + y = 0. What is the hundreds digit of p?
2
Let w(m) = 462*m**2 + 55. Let v(b) = 33*b**2 + 4. Let c(g) = 55*v(g) - 4*w(g). Let r be c(1). Let a = 13 - r. What is the tens digit of a?
4
Suppose -r = -3 - 2. Suppose j = 4*q - 6*q + r, 0 = 3*j + q - 10. Suppose 6*s = -g + j*s + 57, 4*s = 20. What is the tens digit of g?
4
Let h = 1816 + -1203. What is the tens digit of h?
1
Suppose -2*c - i + 15 = -11, 0 = 4*i + 16. Suppose -5*o = 15, -c = p + 3*o - 2. What is the units digit of (8/p)/2 - -30?
9
Suppose f + 5*b = 18, 4*f + 11 = 5*b - 17. What is the units digit of f*(-3)/6*76?
6
Suppose -25 = 6*j + 59. Let r = 6 - j. What is the units digit of r?
0
Suppose 0 = -2*b - 4*b + 300. Suppose b = 8*p - 6*p. What is the tens digit of p?
2
Let u be (0 - (-5)/10) + (-3106)/4. What is the units digit of (u/(-12))/(-2 - 24/(-9))?
7
Let u(i) = i**2 + 9*i - 106. Let o be u(7). Suppose -n + 108 = -5*n. What is the tens digit of (-357)/(-27) + o/n?
1
Suppose -w = -q - 3*w + 3266, 2*q - 6577 = 5*w. What is the hundreds digit of q?
2
Suppose 7*b - 12*b = -1230. Let o = b - 94. What is the tens digit of o?
5
Let x(j) = 16*j**2 - 6*j + 6. What is the tens digit of x(4)?
3
Let u be (2/7)/((-1)/(-7)). Let b(p) = -2*p - 10. Let t be b(-9). Suppose u*h = -t + 30. What is the tens digit of h?
1
Suppose -5*r = 3*k - 4*k + 11, -5*r = k + 19. What is the units digit of 3 - ((9/r)/(-3) + -26)?
8
Suppose a = 3*f - 266, 3*f + a = f + 174. What is the tens digit of f?
8
Suppose 4*o + 3*b + 0*b - 1417 = 0, -b - 1 = 0. What is the units digit of o?
5
Let h(c) = -9*c - 3 - 11*c + 3*c + 1. Let f = -11 - -8. What is the units digit of h(f)?
9
Let z(y) be the first derivative of 2*y**3/3 + y**2 + 2. What is the units digit of z(4)?
0
Let x(a) = 2*a**3 - a**2 - 13*a - 11. Let m(s) = s**3 + s**2 - s. Let p(z) = -m(z) + x(z). What is the units digit of p(5)?
4
Suppose 3*d + 2*n + 14 = d, -3*n = 4*d + 32. Let y = d - -12. What is the tens digit of 23*y/(-3)*-3?
2
Suppose 894 + 360 = 3*b. What is the tens digit of b?
1
Let h = -69 - -27. Let k = 106 + h. What is the tens digit of k?
6
Suppose 230 = 4*t - j, j - 6 = 4*j. Suppose 5*v - 487 = -3*c, -3*v + 0*c + 305 = 5*c. Suppose -3*p + z = -t, -4*p - p + v = -4*z. What is the tens digit of p?
1
Suppose -2*u - k + 311 = 0, 4*u - 2*k - 168 = 3*u. Let m = u - 90. What is the tens digit of m?
6
Suppose -3*o + 17 = -2*j, 3*o - 4*j - 24 = -o. Suppose -o*t = -3*t + 12. What is the units digit of (-5)/t - (-4)/24?
1
Let u(j) = -10*j**2 - 3*j + 2. Let d be u(-2). Let r = d - -89. What is the units digit of r?
7
Suppose 3 - 15 = -2*f. Suppose -f*i + 5*h - 1 = -4*i, -h + 3 = i. Suppose -4*y + 4 = 0, i*r + 0*y - 5 = -y. What is the units digit of r?
2
Let v = -24 + 43. Let y = v + 11. What is the tens digit of y?
3
Let k be (8/10)/(8/160). Let q = -36 + 38. Let h = k + q. What is the tens digit of h?
1
Suppose 0 = 3*g - 8*g + 175. Suppose 2*l - g = 71. What is the tens digit of l?
5
Suppose -2*p + 88 = -0*l - 2*l, 106 = 2*p + 4*l. Suppose -549 = -4*h + p. What is the hundreds digit of h?
1
Let w be 38/2 - (2 + -2). Let h(v) = v**2 - v - 11. Let s be h(-4). Let a = w - s. What is the units digit of a?
0
Let w be -5 - -5*(2 - 1). Suppose 25 = 5*n, -5*n + w*n + 128 = b. What is the tens digit of b?
0
Suppose 0 = -4*o + 4*p + 60, -o + p = -2*o + 7. Suppose 35 = -4*z + o*z. What is the units digit of z?
5
Let c(d) = -d**3 - 6*d**2 + 6*d - 7. Let q be c(-7). Suppose -352 = -5*g - q*g + 3*r, 5 = 5*r. What is the units digit of g?
1
Suppose 0 = -8*n + 3*n - 40. Let k be (-2)/n + (-42)/8. Let i(g) = g**2 - g - 2. What is the tens digit of i(k)?
2
Let d(h) = 10*h**2 + 12*h + 4. What is the units digit of d(10)?
4
Suppose -m + 28 = -34. Let a be 35/(-2)*(-100)/175. What is the tens digit of (m/(-10))/((-2)/a)?
3
Let f = -47 - -26. Let m = -18 - f. What is the units digit of m?
3
Let i(a) = -2*a + 16. Let p be i(7). Suppose 0 = -5*x + 5*s + 160, 0 = -p*x - x - 5*s + 80. What is the tens digit of x?
3
Let c(o) = o**2 + 11*o + 11. Let l(u) = 1. Let a(k) = c(k) + 2*l(k). Let q(r) = r**3 + 8*r**2 + r - 3. Let b be q(-8). What is the tens digit of a(b)?
1
Let v be (4/(-7))/(8/(-56)). Let n be ((-158)/v)/((-9)/18). Suppose -3*i = -5*f + 206, -3*i = 3*f - n - 59. What is the tens digit of f?
4
Suppose 3*r - 5*j + 856 - 4506 = 0, 3*r - 3668 = -4*j. What is the hundreds digit of r?
2
What is the hundreds digit of 3/(-8) - 278415/(-552)?
5
Let z(o) = 8*o - 21. Let a be z(14). Suppose 0 = 2*d + 15 - a. What is the units digit of d?
8
Suppose -2*h - 2*l + 7 = -5, -2*l + 2 = -3*h. Let j(f) = 0 - 3*f - h - 4*f + 0. What is the units digit of j(-3)?
9
Let z(i) = 11*i**3 - 6*i**2 - 6*i + 53. What is the units digit of z(4)?
7
Let f(i) be the first derivative of -23*i**2/2 - 13*i - 10. What is the hundreds digit of f(-7)?
1
Suppose 0 = b + w - 10, 5*b + w - 38 = 2*w. What is the units digit of b/3*(-3 - (-87)/2)?
8
Let a = 606 + -83. What is the hundreds digit of a?
5
Let t(s) = s + 10. Let z be t(-6). Suppose -z*u + 3*u = 9. Let w = -8 - u. What is the units digit of w?
1
Suppose -2*q - j = -0*j - 11, 5*q = -2*j + 27. Suppose -7 = q*y - 37. What is the units digit of y?
6
Suppose 5*h - n - 657 = -0*h, n = -2. Suppose 43 = 2*r - h. What is the tens digit of r?
8
Let i be -4 + (-4 - -76)/4. Let p be 7/(i/(-116)) + 2. What is the tens digit of ((-2)/4)/(2/p)?
1
Suppose 33*b + 67703 - 173699 = 0. What is the tens digit of b?
1
Let k(w) = w**3 - 12*w**2 - w + 13. Let t be k(12). Suppose t = -5*f - 2*n + 6, f - n = 8. Suppose -f*d = -30 - 3. What is the units digit of d?
1
Suppose 5*x = 2*x. Suppose 0 = 5*b - x + 5. Let p = b + 9. What is the units digit of p?
8
Let g be (-8)/12*141/2. Let d = 